What is the remainder when t is divided by 10?
7
Let x(f) = f**3 - 6*f**2 + 13*f - 52. What is the remainder when x(8) is divided by 47?
39
Let r be 10*6/9 + 2/(-3). Suppose -r*l + 13 = -83. Calculate the remainder when 76 is divided by l.
12
Suppose 4 = j - 1. Suppose 5 = -j*n, -n + 7 = -o - 0. What is the remainder when 23 is divided by (5 - 8)/(3/o)?
7
Let s(b) = b**3 - 12*b**2 - 11*b - 22. Let z be s(13). Suppose z*i - 4*o - 1 - 3 = 0, 5*o - 1 = 3*i. What is the remainder when 14 is divided by i?
2
Suppose 2*g - 40*h + 43*h - 113 = 0, h - 1 = 0. Calculate the remainder when 109 is divided by g.
54
Let i(t) = 14*t + 427. What is the remainder when i(0) is divided by 11?
9
Let a = 6 - 0. Calculate the remainder when 34 is divided by (-6)/8*(-72)/a.
7
Let x be (-39)/(-33) + (-2)/11. Let c be x + (4 - 2) + 2. Suppose 2*l = 1 + 9, c*v = -5*l + 65. Calculate the remainder when 23 is divided by v.
7
Let l(u) = -16*u - 4. Let x be l(1). Let d = 55 + x. What is the remainder when d is divided by 4?
3
Let i = 943 - 848. What is the remainder when 757 is divided by i?
92
Suppose 57*y - 640 = -121*y + 3098. Let k(q) = 2*q**3 - 5*q**2 - q - 4. What is the remainder when k(4) is divided by y?
19
Let z = -834 - -848. Let l(n) = 4*n**3 - 5*n**2 + n + 2. What is the remainder when l(3) is divided by z?
12
Let a(s) = -s**2 + 17*s - 14. What is the remainder when a(15) is divided by (5 - -1)*(3 + 10/(-5))?
4
What is the remainder when 59 is divided by ((-8)/(-10))/(5/675*9)?
11
Let o be (120/14)/(6 + (-129)/21). Let m = o - -71. Calculate the remainder when 26 is divided by m.
4
Let d be (-36)/(-27)*-3 + (-26)/2. Let c = -56 + 93. Let b = d + c. What is the remainder when 77 is divided by b?
17
Suppose 0 = -33*f + 1683 - 264. What is the remainder when 291 is divided by f?
33
Suppose -3*p + 49 - 10 = 0. Let r be 9*(0 + (-40)/(-12)). Let l = r - p. What is the remainder when 32 is divided by l?
15
Suppose 4*j + 19 + 241 = 0. Let z = j + 72. What is the remainder when 26 is divided by z?
5
Let n = -1634 + 1659. Let i(d) = d**2 + 4*d + 4. What is the remainder when n is divided by i(-5)?
7
Suppose 24 = -8*n + 12*n. Calculate the remainder when 33 is divided by n.
3
Suppose -63*y + 67*y + 136 = 0. Let z = y + 65. Calculate the remainder when 59 is divided by z.
28
Suppose 4*r + 105 = 3*v + 14, 4*r - 25 = -v. What is the remainder when v is divided by 16?
13
Suppose 65 = 2*z - x, 4*x + 41 = 2*z - 27. Calculate the remainder when z is divided by 9.
5
Let p = -137 - -152. What is the remainder when 28 is divided by p?
13
Calculate the remainder when 23 is divided by ((-49)/(-14) - -2)*2.
1
Suppose 0 = 5*u + 25, -11 = 2*b + 2*u - 3. What is the remainder when 0 + b - (-56 + 0) is divided by 30?
27
Suppose 154 = 9*t - 2*t. Let o = -8 + t. Let r(s) = -17*s + 2. Calculate the remainder when r(-3) is divided by o.
11
Suppose 0 = 2*u - 15 + 5. Suppose 0 = -10*j + u*j + 120. Let l(w) = w**2 + 3*w - 5. Calculate the remainder when j is divided by l(-6).
11
Let x = 2364 + -2110. What is the remainder when x is divided by 49?
9
Let a be (0/((-10)/(-5)))/(2 + -1). Let j be (-2)/(-9) - (-64)/36. Suppose 3*s + 45 = j*k, a*k + 87 = 4*k - 3*s. Calculate the remainder when k is divided by 6.
3
Suppose -77 = 10*h - 217. What is the remainder when 825 is divided by h?
13
Suppose 4 + 0 = 2*q. Suppose -q*t + 5 = g - 17, 0 = -5*g - 2*t + 126. Suppose 0 = 4*w - 2*w - 102. Calculate the remainder when w is divided by g.
25
Let w be (-20)/(-110) + (-6)/33. Suppose -5*b + 2*g + 24 = w, -4*b = -0*g + 4*g - 36. Calculate the remainder when 75 is divided by b.
3
Suppose -2*r + b + 0*b + 21 = 0, -5*b - 45 = -5*r. Suppose 0 = 5*f - 337 + r. Calculate the remainder when f is divided by 34.
31
Let h = 5 - 7. Let f(l) = -3*l - 3. Let t be f(h). Suppose -108 = -t*r - r. What is the remainder when r is divided by 10?
7
Calculate the remainder when 184 is divided by 35 + (-3 - 2 - -4) - 3.
29
Let p(z) = -2*z**3 - 9*z**2 - 3*z + 30. Calculate the remainder when 142 is divided by p(-5).
2
Let g = -27 + 36. Suppose -165 = -5*p + 4*y - g*y, 0 = -3*p + y + 91. Calculate the remainder when p is divided by 11.
9
Let j = 40 - 36. Suppose 0 = 3*p - 4*n - 7, 2*p - j*p + 3 = -3*n. What is the remainder when 23 is divided by p?
5
Suppose 3*s = 2*s - 6*s. Suppose -2*a - 2*d + 54 = s, 2*d - 63 = -3*a + 14. What is the remainder when 206 is divided by a?
22
Let f(r) = r**2 + 11*r + 17. Let w be f(-9). What is the remainder when w/((3 - 1)/(-5 - 69)) is divided by 10?
7
Suppose -11*i - f - 19 = -12*i, -44 = -2*i + 4*f. Let j be (-27)/6*8/(-1). Let l = j + -26. Calculate the remainder when i is divided by l.
6
Suppose 19*j + 22 = 18*j. Let i = 21 + j. Calculate the remainder when i + 3 - 63/(-9) is divided by 6.
3
Suppose -162 = -4*y - 2*y. Suppose 5*o = -2*j + 264, -5*o - j + 160 = -102. What is the remainder when o is divided by y?
25
Suppose -50 = -5*l + t, 14*l + 30 = 17*l + 3*t. What is the remainder when 109 is divided by l?
9
Suppose -77*k + 2469 + 688 = 0. What is the remainder when k is divided by 29?
12
Let m(i) = -6*i**2 + 6*i - 14. Let r(s) = 5*s**2 - 7*s + 13. Let l(n) = 3*m(n) + 4*r(n). Calculate the remainder when l(5) is divided by 6.
4
Let w be ((-8)/28)/(3 - (-129)/(-42)). Suppose 5*a + 337 = 4*d + 27, -5*d + w*a = -392. Calculate the remainder when d is divided by 17.
12
Let j(k) = -k + 7. Let n be j(5). Suppose 0 = -n*z + 2 + 4. Suppose z*f - f - 50 = 0. What is the remainder when f is divided by 14?
11
Suppose -29*t = -7*t - 1474. What is the remainder when 72 is divided by t?
5
Let r(u) = -2*u + 39. Let w be r(17). Suppose -187 = -w*t + m, 4*t = -m - 2*m + 161. What is the remainder when 148 is divided by t?
34
Let h = -70 - -133. What is the remainder when h is divided by (-10)/(-5) - (4 + -11 + 1)?
7
Let b = 33 - 18. Suppose -3*o - 8*w + 10*w = -447, 5*w = -b. What is the remainder when o is divided by 15?
12
Suppose -548 = -61*s + 16*s - 8. Let u = 130 + -61. What is the remainder when u is divided by s?
9
Let z be 5 + -1 + 0 + -2. Suppose -i = -2*d + 134, 0*d = -2*d + z*i + 134. Calculate the remainder when d is divided by 35.
32
Let s(v) = 2*v + 8. Let u be 6/15 + (-81)/15. Let l be s(u). Let w = 6 + l. What is the remainder when 9 is divided by w?
1
Let r(f) = f**3 - f**2 + 1. Let t(u) = u**3 + 5*u**2 + 3*u - 5. Let x(i) = -3*r(i) - t(i). Calculate the remainder when x(-3) is divided by 35.
31
Let u = -17 - -22. Suppose 0 = -s - k + 7, -k - 10 = -3*s + 3. What is the remainder when 26/(u*(-2)/(-5)) is divided by s?
3
Let m = 18 - 18. Suppose -4*v + 5*v - 53 = m. Let g(s) = -2*s - 3. Calculate the remainder when v is divided by g(-7).
9
Suppose 5*m = 5*f + 105, 5*m - f - 18 = 103. Let i = 9 + -5. Calculate the remainder when m is divided by i/6 + (-57)/(-9).
4
Suppose 150 = 3*x - 3*q, -x + 2*x - 3*q - 56 = 0. Let n = 53 - x. What is the remainder when 21 is divided by n?
3
Suppose -3*t = -3*o - 450, 0 = t - 2*o - 135 - 12. What is the remainder when t is divided by 56?
41
Let q = 17 + -3. What is the remainder when (-2760)/(-70) - (-50)/(-35) is divided by q?
10
Let p = -1870 - -2112. Calculate the remainder when p is divided by 36.
26
Suppose -247 = -z + w - 23, 4*w = 0. Calculate the remainder when z is divided by 15.
14
Let v = 56 + 2. Let r be (-1560)/(-27) + 6/27. Suppose 0 = -2*l + 4*g + r, g = 2*l - 0*l - v. Calculate the remainder when l is divided by 16.
13
Suppose -10*q + 180 = 8*q. What is the remainder when 77 is divided by q?
7
Let b = 194 - 167. What is the remainder when 73 is divided by b?
19
Suppose -2*f - f = b - 78, 3*f - 162 = -2*b. Suppose -14*w + 8*w + b = 0. What is the remainder when w is divided by 5?
4
Suppose 0 = -3*l - 4*j + 61, -3*j + 15 = 3. What is the remainder when 77 is divided by (l - -9) + 3*1?
23
Suppose 4*j - 33 = 4*r + 7, 3*r + 3*j + 54 = 0. Calculate the remainder when r/(-4) - (-3)/(-6) is divided by 1.
0
Suppose -4*g + 24 = 2*s, 2*s + 21 = 3*s + 5*g. Suppose 2*a = -0*a + 4*b + 122, -5*a - b + 349 = 0. Calculate the remainder when a is divided by s/(-8)*(4 - 28).
15
Calculate the remainder when (20/3)/((-545)/(-75) - 7) is divided by 12*(3/4 + 0).
7
Let g be ((-2)/6)/(7/(-4221)*3). Let v = g + -55. Calculate the remainder when 29 is divided by v